he thousands digit of 5794738?
4
What is the hundreds digit of 449089?
0
What is the tens digit of 24621483?
8
What is the thousands digit of 3369076?
9
What is the hundreds digit of 31062648?
6
What is the thousands digit of 1254495?
4
What is the thousands digit of 9664?
9
What is the hundreds digit of 2264842?
8
What is the hundreds digit of 339539?
5
What is the hundred thousands digit of 281964?
2
What is the units digit of 243124?
4
What is the hundreds digit of 481886?
8
What is the ten millions digit of 19227461?
1
What is the thousands digit of 206920?
6
What is the hundred thousands digit of 150274?
1
What is the hundreds digit of 6430862?
8
What is the units digit of 9580340?
0
What is the tens digit of 7171397?
9
What is the millions digit of 5924475?
5
What is the hundreds digit of 776944?
9
What is the tens digit of 70707?
0
What is the hundreds digit of 307398?
3
What is the hundred thousands digit of 245975?
2
What is the millions digit of 4144299?
4
What is the millions digit of 37967576?
7
What is the hundred thousands digit of 5956175?
9
What is the tens digit of 2632145?
4
What is the units digit of 1104137?
7
What is the hundreds digit of 6629222?
2
What is the hundreds digit of 45233?
2
What is the hundreds digit of 1049832?
8
What is the thousands digit of 459486?
9
What is the units digit of 260032?
2
What is the tens digit of 100843?
4
What is the units digit of 63678?
8
What is the thousands digit of 1672070?
2
What is the thousands digit of 28094479?
4
What is the thousands digit of 18618742?
8
What is the hundreds digit of 924090?
0
What is the thousands digit of 11571638?
1
What is the millions digit of 7551146?
7
What is the tens digit of 339?
3
What is the thousands digit of 226453?
6
What is the hundred thousands digit of 1086660?
0
What is the thousands digit of 2131962?
1
What is the ten thousands digit of 1106235?
0
What is the millions digit of 1076500?
1
What is the hundreds digit of 247574?
5
What is the tens digit of 1085758?
5
What is the units digit of 1048939?
9
What is the tens digit of 320418?
1
What is the millions digit of 11271551?
1
What is the ten thousands digit of 3102052?
0
What is the units digit of 932677?
7
What is the hundred thousands digit of 11096820?
0
What is the hundreds digit of 1609817?
8
What is the units digit of 8436348?
8
What is the ten thousands digit of 3271235?
7
What is the hundred thousands digit of 3337549?
3
What is the tens digit of 205589?
8
What is the thousands digit of 5361791?
1
What is the hundred thousands digit of 4672808?
6
What is the hundred thousands digit of 102952?
1
What is the thousands digit of 75599?
5
What is the ten thousands digit of 1418187?
1
What is the units digit of 3015832?
2
What is the tens digit of 440581?
8
What is the units digit of 274294?
4
What is the tens digit of 2735041?
4
What is the units digit of 9989853?
3
What is the thousands digit of 12096556?
6
What is the hundreds digit of 2802795?
7
What is the ten thousands digit of 1871182?
7
What is the hundred thousands digit of 16164556?
1
What is the tens digit of 9021?
2
What is the ten thousands digit of 680794?
8
What is the hundred thousands digit of 1119966?
1
What is the millions digit of 3363451?
3
What is the hundreds digit of 142603?
6
What is the units digit of 217007?
7
What is the millions digit of 4086648?
4
What is the millions digit of 1800293?
1
What is the thousands digit of 8073700?
3
What is the hundred thousands digit of 18447869?
4
What is the millions digit of 6220120?
6
What is the hundred thousands digit of 4879173?
8
What is the hundreds digit of 4582428?
4
What is the hundreds digit of 20313071?
0
What is the units digit of 322775?
5
What is the ten millions digit of 33555414?
3
What is the hundred thousands digit of 517556?
5
What is the units digit of 952007?
7
What is the hundred thousands digit of 809661?
8
What is the thousands digit of 2673180?
3
What is the hundred thousands digit of 8524588?
5
What is the hundred thousands digit of 181695?
1
What is the tens digit of 603862?
6
What is the millions digit of 14018308?
4
What is the hundreds digit of 1258385?
3
What is the millions digit of 7669339?
7
What is the ten thousands digit of 608074?
0
What is the thousands digit of 22505565?
5
What is the tens digit of 593223?
2
What is the ten thousands digit of 882863?
8
What is the hundred thousands digit of 193200?
1
What is the hundred thousands digit of 3322640?
3
What is the hundreds digit of 195744?
7
What is the tens digit of 237606?
0
What is the thousands digit of 196020?
6
What is the ten thousands digit of 16757822?
5
What is the tens digit of 1292413?
1
What is the ten thousands digit of 409291?
0
What is the thousands digit of 948464?
8
What is the tens digit of 2183011?
1
What is the thousands digit of 445415?
5
What is the thousands digit of 737620?
7
What is the units digit of 503977?
7
What is the hundred thousands digit of 2637938?
6
What is the ten thousands digit of 378426?
7
What is the units digit of 51330?
0
What is the thousands digit of 3652984?
2
What is the millions digit of 10499800?
0
What is the ten thousands digit of 4025760?
2
What is the tens digit of 7515484?
8
What is the units digit of 1401059?
9
What is the thousands digit of 314978?
4
What is the hundreds digit of 65588?
5
What is the thousands digit of 89832?
9
What is the hundreds digit of 4073522?
5
What is the ten thousands digit of 6833367?
3
What is the hundreds digit of 244121?
1
What is the hundreds digit of 12839021?
0
What is the units digit of 8932373?
3
What is the ten thousands digit of 12984878?
8
What is the units digit of 4612215?
5
What is the thousands digit of 3099754?
9
What is the ten thousands digit of 11885946?
8
What is the units digit of 79146?
6
What is the hundred thousands digit of 301527?
3
What is the hundreds digit of 30846057?
0
What is the hundred thousands digit of 1050861?
0
What is the units digit of 714042?
2
What is the hundred thousands digit of 1676813?
6
What is the thousands digit of 258606?
8
What is the hundred thousands digit of 5525263?
5
What is the ten thousands digit of 2405373?
0
What is the ten millions digit of 12945638?
1
What is the thousands digit of 2754026?
4
What is the hundred thousands digit of 216751?
2
What is the millions digit of 3362677?
3
What is the ten thousands digit of 7061422?
6
What is the hundred thousands digit of 331295?
3
What is the units digit of 1470199?
9
What is the thousands digit of 656222?
6
What is the thousands digit of 981348?
1
What is the units digit of 220748?
8
What is the hundred thousands digit of 478007?
4
What is the tens digit of 8362369?
6
What is the tens digit of 90520?
2
What is the ten thousands digit of 11325098?
2
What is the hundreds digit of 1022172?
1
What is the hundred thousands digit of 11929726?
9
What is the tens digit of 710637?
3
What is the units digit of 945733?
3
What is the hundreds digit of 3026655?
6
What is the hundred thousands digit of 116605?
1
What is the hundred thousands digit of 1387366?
3
What is the ten thousands digit of 11548359?
4
What is the units digit of 15756?
6
What is the hundred thousands digit of 3122431?
1
What is the thousands digit of 1103090?
3
What is the tens digit of 703680?
8
What is the ten millions digit of 11056291?
1
What is the ten thousands digit of 5031585?
3
What is the millions digit of 3846772?
3
What is the millions digit of 1762254?
1
What is the hundred thousands digit of 5451389?
4
What is the units digit of 10618635?
5
What is the tens digit of 449487?
8
What is the units digit of 3882260?
0
What is the ten thousands digit of 13108320?
0
What is the units digit of 50091?
1
What is the millions digit of 3589283?
3
What is the units digit of 6227858?
8
What is the ten thousands digit of 585858?
8
What is the tens digit of 37075661?
6
What is the units digit of 2514547?
7
What is the hundreds digit of 195348?
3
What is the thousands digit of 5390367?
0
What is the hundreds digit of 1307165?
1
What is the units digit of 12868374?
4
What is the ten thousands digit of 3535168?
3
What is the tens digit of 144403?
0
What is the hundreds digit of 2835401?
4
What is the millions digit of 2628540?
2
What is the mi